mon divisor of 8 and k.
8
Let s = -56 + 39. Let w be (1/(-4))/(s/(-68)). Let h be ((-111)/(-9) + w)/((-4)/(-6)). What is the highest common factor of 153 and h?
17
Suppose -3*j = -5*x - 2119, -2*j - 9*x = -1161 - 264. Calculate the highest common factor of 12 and j.
12
Let v be (-100)/15*(3 - (-11319)/(-28)). Calculate the greatest common factor of 25 and v.
25
Let t(s) be the first derivative of s**4/4 - s**2/2 + 4*s - 71. Let w be t(2). What is the greatest common divisor of w and 35?
5
Suppose -q = -26 + 1. Let b = -1153 - -1478. What is the greatest common factor of b and q?
25
Let f be -300*((-20)/25 + 0). Suppose 2*h - 5*b - f = 0, -4*h + 5*b + 500 + 0 = 0. Let x = -60 + h. What is the highest common divisor of 10 and x?
10
Let o(i) = -2*i + 9. Let n be o(-1). Let h be (n - -20) + (0 - 3). What is the greatest common factor of h and 84?
28
Suppose 4*v - 76 - 6 = -n, -n + 91 = v. Suppose 30 - n = -16*l. Calculate the highest common divisor of l and 100.
4
Let h(u) = u**3 + 4*u**2 - 6*u - 21. Suppose -5*j = 11 + 9. Let r be h(j). Suppose -4*b = -20 - 28. Calculate the greatest common divisor of b and r.
3
Suppose -3*l = -l - 4*x + 536, 0 = l - 5*x + 277. Let c = l + 298. What is the greatest common divisor of 54 and c?
18
Let t(o) be the second derivative of 2*o**4/3 + 5*o**3/6 + 41*o**2/2 - 65*o. Let u be t(-6). What is the highest common divisor of 23 and u?
23
Suppose -18*h - 825 = -7*h. Let p be (-10)/h*3 + (-263)/(-5). Let i = p + -49. Calculate the highest common divisor of i and 52.
4
Let u be ((-16)/(-6))/((-24)/36)*-33. Suppose 288*s - 291*s + u = 0. Calculate the highest common divisor of 220 and s.
44
Let v(w) = 71*w - 1. Suppose z - 28 = -5*k, -k + 5*z + 20 - 4 = 0. Let g be v(k). Calculate the highest common divisor of g and 25.
25
Suppose 3*c - s + 19 = 47, 3*s - 6 = 0. What is the greatest common divisor of c and 4040?
10
Suppose 2*n - 3*d - 18 = 26, 3*n + 5*d = 28. Suppose 0 = -97*v + 91*v + 336. What is the highest common factor of n and v?
8
Suppose -b + 5*a - 7*a = -27, 5*a = 3*b - 48. Let d(t) = 7*t - 7. Let s be d(b). What is the highest common factor of s and 20?
20
Let l(w) = 129*w**2 + 22*w + 36. Let b be l(-2). Let v = b + -502. Calculate the highest common divisor of 111 and v.
3
Let t = 45 + -41. Suppose -4*l + 84 = -t*s, l - 3*s + 37 = 3*l. Suppose 0 = -2*z + 12 + l. Calculate the greatest common divisor of 40 and z.
8
Let y(j) = -10*j - 132 - 53 - j**2 + 72 + 4*j**2 - 12*j. Let n be y(-5). Calculate the highest common divisor of 48 and n.
24
Suppose 8*w = -49 + 1. Let h be 2/w - 74/(-6). Calculate the greatest common factor of h and 60.
12
Let v(m) = -m**2 + 8*m - 2. Let y be v(7). Suppose y*h = h. Suppose 4*p + 20 = h, 2*k - 2*p = -0*p + 18. Calculate the highest common divisor of k and 8.
4
Let v(i) = 95*i + 4619. Let a be v(-30). What is the greatest common divisor of 1098 and a?
61
Suppose 12*l - 14*l + 9984 = 14*l. Let t(q) = q + 39. Let n be t(0). Calculate the greatest common divisor of n and l.
39
Let a(v) = 71*v - 346. Let n be (-27)/(-6) - 21/(-14). Let q be a(n). What is the highest common factor of 15 and q?
5
Let q = 1155 - 287. What is the highest common divisor of q and 28?
28
Suppose 0 = -11005*s + 11033*s - 16315 - 28233. Calculate the greatest common divisor of 222 and s.
37
Suppose 38042 = -68*l + 68923 + 39839. Calculate the greatest common factor of 720 and l.
80
Suppose -15 = -3*z - 5*b + 3*b, 0 = 3*b. Suppose -4*o + 613 = 5*v, -z*o - 26*v = -31*v - 710. Calculate the highest common factor of o and 63.
21
Let u be ((0 - -1)*-4)/(-2). Let d = u - -21. Let s = d - 4. What is the greatest common divisor of 38 and s?
19
Let d = -6595 + 6655. Calculate the greatest common divisor of 320 and d.
20
Suppose 0 = -3*q + 5*u - 78, q + 11 + 15 = 2*u. Let p(n) = -n**3 - 25*n**2 + 12*n - 21. Let a be p(q). What is the greatest common divisor of a and 49?
49
Suppose 4*g - 81 = 155. Let a = -640 - -643. Suppose a*s = j - 2*s - g, j - s = 63. What is the highest common factor of j and 8?
8
Let y(r) = -16*r**3 - 7*r**2 - 13*r - 114. Let f be y(-6). What is the greatest common divisor of 132 and f?
132
Let k(s) = s**2 - 13*s. Let z be k(0). Suppose z = -10*i + 229 + 51. What is the highest common divisor of 112 and i?
28
Let s be 690/75 + 3/(-15). Suppose s*v - 96 = v. Let k(b) = -17*b + 2. Let n be k(-2). Calculate the highest common divisor of n and v.
12
Let p be ((-2)/6)/(-1) - ((-70)/15)/7. Calculate the greatest common factor of 73 and p.
1
Suppose -36*q + 267 - 140 = -773. What is the greatest common factor of q and 55?
5
Let p(d) = -5*d**3 + 7*d**2 + 4*d - 4. Let z be p(-4). What is the highest common divisor of 721 and z?
103
Suppose 0 = -0*f - 2*f - 3*j - 564, 5*f = 4*j - 1387. Let u = f + 289. Calculate the highest common factor of 10 and u.
10
Let c = -4209 - -5379. Calculate the greatest common factor of c and 6.
6
Let o(p) = 15*p - 72. Suppose 6*d + 17 = 5*x + 8*d, 3*x - 35 = 5*d. Let k be o(x). Let g be (10/(-3) + 2)*-18. Calculate the greatest common factor of g and k.
3
Let b(w) = 19*w - 7. Let s be b(3). Suppose -13 = -2*q - 38*h + 39*h, 32 = 4*q - 4*h. Calculate the highest common divisor of s and q.
5
Let b(t) = 6*t**2 + 27*t + 6. Let v be b(-4). Let m be 84 + -15 + (-4 - v/2). Calculate the greatest common divisor of 187 and m.
17
Suppose -2 = 2*i - 8. Suppose -8 = i*n - 89. Suppose 1012*h - 1014*h + 270 = 0. Calculate the highest common divisor of h and n.
27
Let v = 338 + -319. Suppose 6*y - y + 5*m = 120, y - 4*m = v. What is the greatest common factor of 23 and y?
23
Let d(l) = l**2 + 7*l + 8. Let z be d(-6). Let p(x) = x + 8 - 8 - 7. Let j be p(13). What is the highest common factor of j and z?
2
Suppose 0 = -0*x + 5*x - 6755. Let f be 0*5/15 + -4. Let d be 2/f - x/(-14). What is the highest common divisor of 12 and d?
12
Suppose 5*c + 9 - 54 = 0. Suppose 136*g = 143*g + 70. Let x be (-3)/(-5) + 1808/20 + g. Calculate the highest common factor of x and c.
9
Let x be (-21)/((-12)/16*4/4). Calculate the greatest common divisor of x and 889.
7
Let c be 260/1872*-9 - (0 - (-2242)/(-8)). Calculate the greatest common factor of 1023 and c.
93
Suppose s + 2*p + 3*p - 44 = 0, -5*s + 220 = -2*p. Let f be 1/(-3) - (-1338)/18. Suppose 14*l - f - 542 = 0. What is the greatest common divisor of l and s?
44
Let a = 46 + -13. Let h be (-22)/121 - (-3643)/11. Let r = 463 - h. What is the greatest common divisor of r and a?
33
Let x(u) = u - 9. Let h be x(33). Let q(b) = b**3 - 25*b**2 + 24*b + 24. Let z be q(h). What is the greatest common factor of z and 21?
3
Suppose 5*w + 7 + 3 = 0. Let d be (w/4)/((1 - 2)/14). What is the highest common divisor of 63 and d?
7
Let h = 221 + -157. Let g(d) = d**3 - 7*d**2 + 27*d + 2. Let j be g(6). What is the highest common factor of h and j?
64
Suppose -2*v = 2*o + 1118, -35*o = -39*o + v - 2246. Let x = o + 570. Calculate the greatest common divisor of x and 45.
9
Let f(q) = q**3 - q + 1. Let p be f(1). Let u be -1*0*p/3. Let r be (-18)/12*-8 - (u + 2). Calculate the greatest common divisor of 40 and r.
10
Let g = -647 + 431. Let q = 273 + g. Calculate the highest common factor of q and 209.
19
Let c = 327 - 219. Let v be (-2)/(-8)*2 + 20358/c. Calculate the greatest common divisor of 27 and v.
27
Let z be 1*130/10 + 975. What is the greatest common factor of z and 608?
76
Suppose -12*v + 120 = -17*v. Let z = v - -39. Let m be (-10)/(-4)*(-198)/(-11). What is the greatest common factor of z and m?
15
Suppose 4508 = -25*s + 39*s. Let r = -594 - -732. What is the greatest common divisor of r and s?
46
Suppose 2*l - 2*f + 160 = 676, 0 = l - 2*f - 263. Calculate the greatest common divisor of l and 1587.
23
Let l = -2084 + 2363. What is the greatest common divisor of l and 651?
93
Suppose -31*s = -34*s + 76950. Suppose 0 = -63*c + 18*c + s. What is the greatest common factor of 30 and c?
30
Suppose -299 = -29*g + 484. Let s = g - -189. Calculate the greatest common divisor of 120 and s.
24
Let l be (-16)/5*50/(-4). Let m be 8/l + (-4198)/(-10). Suppose -6*d = d - m. What is the highest common factor of 24 and d?
12
Suppose 4*p - 5*g - 3 = 0, 27 - 18 = 2*p + 5*g. Suppose 0 = -p*z + 5*i + 269, 4*z + 26 = -5*i + 489. Calculate the highest common divisor of 2 and